2 is divided by 135?
32
Calculate the remainder when 8798 is divided by 502.
264
What is the remainder when 103477 is divided by 236?
109
Calculate the remainder when 223317 is divided by 95.
67
What is the remainder when 26326 is divided by 387?
10
What is the remainder when 52066 is divided by 52011?
55
Calculate the remainder when 401627 is divided by 14.
9
Calculate the remainder when 60337 is divided by 7542.
1
Calculate the remainder when 2850 is divided by 141.
30
What is the remainder when 14143 is divided by 13?
12
Calculate the remainder when 37449 is divided by 151.
1
Calculate the remainder when 11201 is divided by 11150.
51
What is the remainder when 14648 is divided by 116?
32
What is the remainder when 9962 is divided by 4315?
1332
What is the remainder when 1574 is divided by 492?
98
What is the remainder when 413112 is divided by 559?
11
Calculate the remainder when 2952 is divided by 952.
96
What is the remainder when 26791 is divided by 34?
33
What is the remainder when 12740 is divided by 510?
500
Calculate the remainder when 8169 is divided by 56.
49
What is the remainder when 12657 is divided by 3043?
485
What is the remainder when 120119 is divided by 26?
25
Calculate the remainder when 10834 is divided by 257.
40
What is the remainder when 51503 is divided by 17?
10
What is the remainder when 26688 is divided by 556?
0
What is the remainder when 6224 is divided by 88?
64
Calculate the remainder when 21158 is divided by 7051.
5
Calculate the remainder when 31323 is divided by 175.
173
Calculate the remainder when 817206 is divided by 81.
78
What is the remainder when 6272 is divided by 103?
92
Calculate the remainder when 20362 is divided by 984.
682
Calculate the remainder when 4846 is divided by 84.
58
What is the remainder when 197888 is divided by 276?
272
What is the remainder when 5787 is divided by 642?
9
What is the remainder when 13125 is divided by 53?
34
Calculate the remainder when 224184 is divided by 65.
64
Calculate the remainder when 8126 is divided by 2676.
98
What is the remainder when 312173 is divided by 54?
53
What is the remainder when 3137 is divided by 1559?
19
Calculate the remainder when 290074 is divided by 290032.
42
Calculate the remainder when 8545 is divided by 872.
697
What is the remainder when 70315 is divided by 17562?
67
Calculate the remainder when 125494 is divided by 78.
70
What is the remainder when 34006 is divided by 67?
37
Calculate the remainder when 67909 is divided by 46.
13
Calculate the remainder when 24114 is divided by 53.
52
Calculate the remainder when 8463 is divided by 1409.
9
What is the remainder when 10157 is divided by 756?
329
What is the remainder when 992402 is divided by 1541?
1539
What is the remainder when 42953 is divided by 11?
9
What is the remainder when 14168 is divided by 11?
0
Calculate the remainder when 8790 is divided by 2757.
519
Calculate the remainder when 60197 is divided by 113.
81
What is the remainder when 202018 is divided by 21?
19
What is the remainder when 1218191 is divided by 8?
7
Calculate the remainder when 15651 is divided by 1026.
261
What is the remainder when 3194 is divided by 216?
170
Calculate the remainder when 425588 is divided by 730.
728
What is the remainder when 5379 is divided by 281?
40
Calculate the remainder when 35971 is divided by 24.
19
What is the remainder when 10309 is divided by 290?
159
What is the remainder when 33929 is divided by 17?
14
Calculate the remainder when 90164 is divided by 12.
8
What is the remainder when 1111170 is divided by 549?
543
Calculate the remainder when 67938 is divided by 127.
120
Calculate the remainder when 25269 is divided by 5.
4
What is the remainder when 1823583 is divided by 5?
3
Calculate the remainder when 351279 is divided by 16726.
33
What is the remainder when 8008 is divided by 889?
7
What is the remainder when 308164 is divided by 5?
4
What is the remainder when 189468 is divided by 17?
3
Calculate the remainder when 1430577 is divided by 113.
110
Calculate the remainder when 4788 is divided by 1592.
12
Calculate the remainder when 21712 is divided by 22.
20
Calculate the remainder when 7596 is divided by 1712.
748
Calculate the remainder when 2901 is divided by 169.
28
What is the remainder when 610453 is divided by 122089?
8
Calculate the remainder when 57466 is divided by 138.
58
What is the remainder when 647 is divided by 590?
57
Calculate the remainder when 60098 is divided by 401.
349
What is the remainder when 4327 is divided by 149?
6
Calculate the remainder when 217737 is divided by 1962.
1917
What is the remainder when 873662 is divided by 212?
10
Calculate the remainder when 68910 is divided by 68900.
10
What is the remainder when 4629475 is divided by 217?
214
What is the remainder when 38428 is divided by 32?
28
Calculate the remainder when 80427 is divided by 42.
39
What is the remainder when 38348 is divided by 446?
438
Calculate the remainder when 7938 is divided by 231.
84
Calculate the remainder when 47150 is divided by 32.
14
What is the remainder when 6402 is divided by 306?
282
Calculate the remainder when 3081 is divided by 46.
45
What is the remainder when 3436 is divided by 69?
55
Calculate the remainder when 26258 is divided by 4376.
2
Calculate the remainder when 674 is divided by 9.
8
Calculate the remainder when 835 is divided by 103.
11
What is the remainder when 6100 is divided by 508?
4
Calculate the remainder when 18370 is divided by 471.
1
What is the remainder when 10509 is divided by 3491?
36
Calculate the remainder when 1754 is divided by 111.
89
What is the remainder when 34355 is divided by 4891?
118
What is the remainder when 5707 is divided by 570?
7
Calculate the remainder when 9416 is divided by 3050.
266
What is the remainder when 5347 is divided by 50?
47
Calculate the remainder when 1121 is divided by 560.
1
Calculate the remainder when 7444 is divided by 564.
112
Calculate the remainder when 3421 is divided by 104.
93
What is the remainder when 373 is divided by 10?
3
What is the remainder when 11307 is divided by 703?
59
Calculate the remainder when 10850 is divided by 976.
114
Calculate the remainder when 207723 is divided by 69213.
84
What is the remainder when 1842 is divided by 63?
15
What is the remainder when 44865 is divided by 2991?
0
Calculate the remainder when 16674 is divided by 573.
57
What is the remainder when 896393 is divided by 31?
28
What is the remainder when 14162 is divided by 683?
502
What is the remainder when 74407 is divided by 6199?
19
Calculate the remainder when 38801 is divided by 174.
173
What is the remainder when 12004 is divided by 5?
4
What is the remainder when 50286 is divided by 1288?
54
Calculate the remainder when 31376 is divided by 980.
16
What is the remainder when 5290 is divided by 108?
106
Calculate the remainder when 11109 is divided by 49.
35
Calculate the remainder when 68654 is divided by 56.
54
What is the remainder when 368528 is divided by 92126?
24
What is the remainder when 4697 is divided by 205?
187
What is the remainder when 56482 is divided by 54?
52
What is the remainder when 2125 is divided by 121?
68
Calculate the remainder when 127804 is divided by 357.
355
Calculate the remainder when 4750902 is divided by 1187725.
2
What is the remainder when 86798 is divided by 50?
48
What is the remainder when 12909 is divided by 2025?
759
What is the remainder when 580601 is divided by 326?
321
What is the remainder when 540761 is divided by 62?
59
Calculate the remainder when 319791 is divided by 316.
315
What is the remainder when 10502 is divided by 17?
13
What is the remainder when 1440161 is divided by 71?
68
Calculate the remainder when 21642 is divided by 7126.
264
What is the remainder when 5694 is divided by 12?
6
Calculate the remainder when 1530578 is divided by 2117.
2104
Calculate the remainder when 281213 is divided by 208.
205
What is the remainder when 146739 is divided by 9171?
3
What is the remainder when 2625 is divided by 2558?
67
What is the remainder when 494795 is divided by 66?
59
Calculate the remainder when 121006 is divided by 40333.
7
What is the remainder when 345339 is divided by 8?
3
Calculate the remainder when 915451 is divided by 33.